erivative of w**5/20 - w**4/3 - 2*w**3/3 + w**2/2 - 3*w. What is t(5)?
6
Let j(q) be the first derivative of q**2 + 0*q + 1/12*q**4 - 2 + 1/3*q**3. Let a(i) be the second derivative of j(i). Determine a(-5).
-8
Suppose 3*j - 6 = -0*j. Let f(s) = -2*s. What is f(j)?
-4
Let d(j) = -4*j + 4*j - 1 + j. Suppose q + 0 = 3*y - 8, 4*y = -q + 20. What is d(q)?
3
Let h(g) = -18*g + 1 + 20*g - 2. Let a = 7 - 4. Suppose -4*q - a - 5 = 0. Calculate h(q).
-5
Let j be 1 - 1/((-2)/(-10)). Let k(n) be the first derivative of n**3 + 1/4*n**4 + 2 - 3*n - 3*n**2. Calculate k(j).
5
Suppose r + 1 - 3 = 0. Let g(p) = -2 - r*p + 2*p - 2*p + p. What is g(-4)?
2
Let j(f) = 6 + 2*f**2 - 6*f**2 + 5*f**2 + 11*f. Determine j(-10).
-4
Let m(g) = -3*g**3 - 2*g**2 - g + 3. Let h(a) = -a**3 + 1. Let q(s) = 4*h(s) - m(s). Let x be (1 - 1 - -1) + 1. Give q(x).
3
Let b(a) = a - 1. Let u(s) = -s**2 + 13*s + 6. Let o be u(13). What is b(o)?
5
Let n(x) = 7*x**2 + 1. Suppose 0 = 6*k - k + 5. Determine n(k).
8
Let x = -11 + 8. Let d(t) = -t**3 - 4*t**2 - 2*t - 1. Give d(x).
-4
Let r(b) = -4*b**2 + 19 - b - b - 18. Give r(1).
-5
Let v(j) = -j. Let l(r) = -8*r + 1. Let y(c) = l(c) - 4*v(c). Determine y(-4).
17
Let u(a) = -2*a - 2. Let d be (-66 - -59) + 0/1 + 4. Determine u(d).
4
Let p(g) = -g**2 - 6*g + 2. Let n be p(-6). Let k(b) = -8*b - 2. Let s(o) = -7*o - 2. Let y be (4 + -7)/(6/8). Let j(q) = y*k(q) + 5*s(q). Calculate j(n).
-8
Let c(b) = -3*b - 8 + 26 - 10 - 7. What is c(-3)?
10
Suppose 5*w - 5*l - 5 = 0, 3*w + 2*l + 14 = -w. Let v(o) be the first derivative of 3*o**2/2 + 2*o + 2. Give v(w).
-4
Let b = 25 - 20. Let r(t) be the third derivative of 0 - 1/60*t**b + 0*t**3 + 2*t**2 - 5/24*t**4 + 0*t. Determine r(-6).
-6
Let i(l) be the first derivative of l**5/20 + l**4/12 + l**3/6 + 5*l**2 - 6*l - 3. Let s(v) be the first derivative of i(v). What is s(0)?
10
Let q be (18/(-4))/(6/(-8)). Let t(c) = 3*c**2 - 2*c**2 - 3*c**2 + c**2 + q*c - 2. Determine t(6).
-2
Let n(m) = -3*m + 1 + m - 2*m. Let a(u) = -u**3 + 2*u**2 + 1. Let c be a(2). Suppose 2*t + 3*d = -5, 0 = t + d - 3*d - c. Give n(t).
5
Let f(l) = l**3 - l**2 - 8. Let y be f(0). Let x(t) = 2*t + 8. What is x(y)?
-8
Let w(c) = c - 2. Let h(y) = -3*y + 5. Let t(n) = -6*h(n) - 17*w(n). What is t(-2)?
2
Let c(q) = -3*q + 5. Let f(g) = 5*g - 10. Let a(x) = -11*c(x) - 6*f(x). Suppose 2*j + 10 = 5*b - 2*b, b = 2*j + 10. Determine a(j).
-10
Let j = 51 + -53. Let i(z) be the second derivative of z**3/3 + z**2/2 + 2*z. Calculate i(j).
-3
Let u(g) = -4*g**2 + 3*g + 2. Let n be u(-2). Let s be (-35)/n + (-1)/(-4). Suppose -4*a - 10 = -s*a. Let v(x) = -x - 1. Give v(a).
4
Let r(v) be the third derivative of 0*v - 4*v**2 - 1/30*v**5 + 0*v**3 + 1/12*v**4 + 0. Suppose -2*u + 7*u = 10. What is r(u)?
-4
Let s(l) be the second derivative of -5*l**4/12 + l**2/2 + l. Let c = 5 + -9. Let m = 3 + c. What is s(m)?
-4
Let z(f) be the first derivative of -f**4/4 - 5*f**3/3 + 5*f**2/2 + 5*f - 8. Give z(-6).
11
Suppose -9 - 8 = 4*t - 3*a, 12 = 4*a. Let z(g) = -g**3 - 2*g**2 - g - 2. Calculate z(t).
0
Let s(f) = 5*f - 5. Let n(k) = -1. Let l(p) = p - 7. Let j(m) = l(m) - 6*n(m). Let u(g) = -6*j(g) + s(g). What is u(-1)?
2
Suppose 6*m - m + 40 = 4*d, 0 = -5*m + 2*d - 30. Let t be (m/(-5))/(6/15). Let u(a) = -3. Let f(x) = x + 4. Let q(n) = -4*f(n) - 6*u(n). Determine q(t).
-6
Let t(a) be the first derivative of a**4/4 - 4*a**3/3 + a**2 + 4*a - 1. Let q = -5 - -8. Calculate t(q).
1
Let f(t) = -5*t + 29. Let u(m) = 2*m - 10. Let c(i) = -3*f(i) - 8*u(i). Determine c(-5).
-2
Let o be -3*3/((-9)/(-5)). Let w(q) be the third derivative of -q**5/30 - 7*q**4/24 + q**3/6 + q**2. Determine w(o).
-14
Suppose 3 + 5 = 2*k. Let b(c) = -10*c + 8*c**2 + 7 - 17*c + k*c. Let q(w) = 3*w**2 - 8*w + 2. Let y(l) = 4*b(l) - 11*q(l). Calculate y(-5).
1
Let b(j) = 3*j**3 + 3*j**2 - 10*j - 1. Let z(o) = -4*o**3 - 2*o**2 + 11*o + 2. Let y(l) = -5*b(l) - 4*z(l). Determine y(6).
-3
Let q(w) = w - 14. Let g be q(12). Let y(s) = s**3 + 2*s + 2. Let n(k) = 2*k**3 + k**2 + 4*k + 4. Let t(l) = -3*n(l) + 5*y(l). Give t(g).
-2
Suppose -v + 12 = -3*v. Let k(f) = f + 11. Let z be k(v). Let j(d) be the first derivative of -d**3/3 + d**2 + 5*d + 1. Give j(z).
-10
Let i(w) = -w - 7. Suppose 4*d + 6 = 5*a - 0*a, -3*d = -2*a + 8. Let j be 4*(a + (-2)/(-4)). Determine i(j).
-1
Let l(b) = -b**3 + 4*b**2 - 3*b + 6. Let n be l(4). Let d = -3 - n. Let k(u) = 4*u - 1 + 3*u**2 - u**2 + 0*u - u**d + 0*u**3. Determine k(3).
2
Let g(w) = 4*w**3 + 8*w**2 + 8*w + 5. Let f(s) = -9*s**3 - 15*s**2 - 15*s - 10. Let m(t) = -3*f(t) - 7*g(t). Give m(-10).
5
Let v(x) = x**3 + x**2 + 2*x + 2. Suppose 3*b + 3 = -3*f, 5*f + 0*b = 2*b - 12. What is v(f)?
-6
Let g(d) = 5*d**3 + d**3 + 4*d**2 - 3*d**2. Suppose -9 = -3*r - 3*o, 0 = -3*r - o + 1 + 14. Suppose 3*l + 11 = -2*m, -2*m - 7 = 5*l + r. Give g(l).
-5
Let v(a) = -a**2 - 4*a - 1. Suppose -2 = 2*w, -4*d - 7 = -2*d - 3*w. Calculate v(d).
-6
Let n(i) = -3*i**2 + 3*i. Let d be 30/12 - (-2)/(-4). Give n(d).
-6
Let g(k) be the third derivative of -k**5/60 + 5*k**4/24 + k**3/6 + k**2. Suppose 2*n - 3*b = 20, n - 14 = 2*b - 2. Calculate g(n).
5
Let h(l) be the first derivative of -l**4/2 + l**2 + l + 9. Determine h(2).
-11
Suppose -15 = -4*d + 17. Suppose 5*s - 6*j - 35 = -2*j, -s + j + d = 0. Let a(t) = -t + 2. Calculate a(s).
-1
Suppose 0 = 5*d + 15, 2*b - 2*d = 3*b + 6. Let u(r) be the third derivative of 5/6*r**3 - 1/24*r**4 + 1/60*r**5 - 1/120*r**6 + 0*r - 7*r**2 + 0. Determine u(b).
5
Let m(n) = -3 + 1 + 0 + n**2. Let j be 4/14 + (-156)/(-42). Let r = -2 + j. Determine m(r).
2
Let q(a) = -3*a - 5. Let k(x) = x**2 + 2. Let m(r) = -r - 7. Let f be m(-7). Let n be k(f). Suppose 0 = -n*c - 0*c - 8. Determine q(c).
7
Let i(b) be the third derivative of b**5/15 - 5*b**4/24 - b**3/6 + 6*b**2. Let y(l) = -3*l**2 + 4*l. Let o(d) = -2*i(d) - 3*y(d). Calculate o(3).
5
Let h be 0/3*1/(-2). Let r(y) = -5 - y**2 - y + 1 - 1. Calculate r(h).
-5
Suppose 0*g - 2*g = -2. Let c(k) = -g + 2*k - 4*k + 4*k - 3. Give c(4).
4
Let p = 3 - 3. Suppose -4 = 3*v + s, v - 2*s = -p*v + 8. Suppose -2*a = 10 - v. Let w(n) = 2*n + 2. What is w(a)?
-8
Suppose -1 = 2*v + 1. Let d be ((-2)/4)/(v/(-10)). Let s(w) = w. Let n(l) = 6*l + 5. Let p(m) = -n(m) + 5*s(m). What is p(d)?
0
Let g(b) = -b + 9. Let m be g(5). Suppose 0*h = -m*h - 20. Let t(q) = -q**3 - 4*q**2 + 4*q - 5. Determine t(h).
0
Suppose 0 = -3*z - 2 - 10, -z + 8 = 2*i. Let v(t) = 6 - 5 - 2*t + 4*t. What is v(i)?
13
Let o(m) be the third derivative of -m**6/120 - m**5/12 + 7*m**4/24 + 5*m**3/6 + 8*m**2. Let g(t) = -2*t - 2. Let c be g(2). Give o(c).
-1
Let c(i) = -i + 2. Let r(f) = -f**2 - 4*f - 4. Let g be r(-4). Let k = g - -3. Let s be 2 - (k - (-3)/3). Determine c(s).
0
Let q(j) = j + 2. Let x = 21 + -30. Let v(z) = -z**2 - 8*z + 7. Let p be v(x). Give q(p).
0
Let r(q) be the second derivative of -q**4/12 + q**3/6 - q**2 - 10*q. Let p(f) = -3*f. Let c be p(-1). Determine r(c).
-8
Let l(y) = -4*y - 3*y + y**2 - y + 6*y. Give l(3).
3
Let b(h) = -2*h + 2. Suppose s - 3*x + 12 = 0, 12 = -4*s + 2*x + x. Suppose -k - 3*n + 6 = s, -3*n - 3 = 3*k - 5*k. Determine b(k).
-4
Let p be (1 - 0)/((3/(-15))/1). Let y(m) = -m**3 - 6*m**2 - 3*m + 5. Give y(p).
-5
Let v(n) = -12*n**2 + 16 - 7*n**2 - 9 + 20*n**2 + 12*n. What is v(-7)?
-28
Let f(l) = -2*l**2 - 7*l - 4. Suppose -8*h = -2*h + 24. Determine f(h).
-8
Let c = 5 + -2. Suppose -c*p = -5*p + 10. Suppose f + 9 = -3*f + 3*d, -p*f - d - 16 = 0. Let u(z) = -z**3 - 3*z**2 + 3. What is u(f)?
3
Suppose -5*x - 21 - 59 = 0. Let r = -11 - x. Suppose -16 = -r*p + p. Let j(w) = w**2 - 2*w - 2. Determine j(p).
6
Let m be 3/(-18) - (-25)/6. Let i(n) = 0 - m - 8*n + 9*n. Let g = 11 + -16. Determine i(g).
-9
Suppose 12 = -5*t + 2. Let k(b) = -b**3 - 2*b**2 - b. Give k(t).
2
Let w(h) = -3 - 6 + 8 + 8*h. What is w(1)?
7
Let w(c) = 0 + 7 - 3*c - 4. Give w(2).
-3
Let j(x) be the second derivative of x**3/2 + x. Suppose 0 = -2*r - 3*r + 5. Let v be r*(-3)/(3/(-2)). What is j(v)?
6
Suppose 0 = 2*m + m. Let t(x) = 7*x**2. Let v be t(-1). Let z(h) = -h**2 - 4*h - 6. Let u(i) = -2*i**2 - 7*i - 12. Let s(k) = v*z(k) - 4*u(k). Calculate s(m).
6
Suppose j = -2*j - 9. Let h(i) = -3*i - 6. Let p(x) = 5*x + 11. Let m(k) = 11*h(k) 